rs of 3227.
7, 461
What are the prime factors of 61?
61
List the prime factors of 2430.
2, 3, 5
What are the prime factors of 1942?
2, 971
What are the prime factors of 4444?
2, 11, 101
What are the prime factors of 2622?
2, 3, 19, 23
What are the prime factors of 4948?
2, 1237
List the prime factors of 8105.
5, 1621
What are the prime factors of 139?
139
What are the prime factors of 893?
19, 47
What are the prime factors of 640?
2, 5
List the prime factors of 2495.
5, 499
What are the prime factors of 75049?
13, 23, 251
What are the prime factors of 33925?
5, 23, 59
List the prime factors of 2852.
2, 23, 31
What are the prime factors of 7202?
2, 13, 277
List the prime factors of 18872.
2, 7, 337
What are the prime factors of 163950?
2, 3, 5, 1093
What are the prime factors of 146345?
5, 29269
List the prime factors of 21304.
2, 2663
What are the prime factors of 920?
2, 5, 23
What are the prime factors of 6918?
2, 3, 1153
List the prime factors of 41806.
2, 20903
What are the prime factors of 633?
3, 211
What are the prime factors of 74222?
2, 17, 37, 59
What are the prime factors of 27016?
2, 11, 307
List the prime factors of 1458.
2, 3
What are the prime factors of 3585?
3, 5, 239
List the prime factors of 2193.
3, 17, 43
List the prime factors of 129531.
3, 43177
What are the prime factors of 1243?
11, 113
What are the prime factors of 33163?
13, 2551
What are the prime factors of 10618?
2, 5309
List the prime factors of 27969.
3, 9323
List the prime factors of 4260.
2, 3, 5, 71
List the prime factors of 37586.
2, 18793
List the prime factors of 5936.
2, 7, 53
List the prime factors of 233.
233
What are the prime factors of 82631?
19, 4349
List the prime factors of 1501.
19, 79
List the prime factors of 10509.
3, 31, 113
What are the prime factors of 4281?
3, 1427
List the prime factors of 14622.
2, 3, 2437
List the prime factors of 4401.
3, 163
List the prime factors of 2209.
47
What are the prime factors of 2481?
3, 827
List the prime factors of 7892.
2, 1973
List the prime factors of 4765.
5, 953
What are the prime factors of 1605?
3, 5, 107
What are the prime factors of 14255?
5, 2851
List the prime factors of 2351.
2351
List the prime factors of 16087.
16087
What are the prime factors of 1339?
13, 103
List the prime factors of 30031.
59, 509
What are the prime factors of 2081?
2081
What are the prime factors of 33026?
2, 7, 337
List the prime factors of 6980.
2, 5, 349
List the prime factors of 878.
2, 439
What are the prime factors of 30480?
2, 3, 5, 127
What are the prime factors of 12517?
12517
List the prime factors of 24647.
7, 503
List the prime factors of 5823.
3, 647
What are the prime factors of 37127?
137, 271
What are the prime factors of 92600?
2, 5, 463
List the prime factors of 3473.
23, 151
What are the prime factors of 5317?
13, 409
What are the prime factors of 40456?
2, 13, 389
List the prime factors of 145.
5, 29
What are the prime factors of 31324?
2, 41, 191
What are the prime factors of 343?
7
What are the prime factors of 2910?
2, 3, 5, 97
List the prime factors of 1271.
31, 41
What are the prime factors of 12859?
7, 11, 167
What are the prime factors of 4698?
2, 3, 29
List the prime factors of 3841.
23, 167
What are the prime factors of 4997?
19, 263
What are the prime factors of 2624?
2, 41
What are the prime factors of 124245?
3, 5, 11, 251
List the prime factors of 5333.
5333
List the prime factors of 18026.
2, 9013
List the prime factors of 772.
2, 193
What are the prime factors of 2967?
3, 23, 43
What are the prime factors of 3858?
2, 3, 643
List the prime factors of 27267.
3, 61, 149
List the prime factors of 87656.
2, 10957
List the prime factors of 620.
2, 5, 31
What are the prime factors of 4993?
4993
What are the prime factors of 45796?
2, 107
List the prime factors of 3129.
3, 7, 149
List the prime factors of 38384.
2, 2399
List the prime factors of 55866.
2, 3, 9311
List the prime factors of 5929.
7, 11
What are the prime factors of 1399?
1399
List the prime factors of 27401.
11, 47, 53
List the prime factors of 41791.
23, 79
List the prime factors of 152844.
2, 3, 47, 271
What are the prime factors of 10334?
2, 5167
What are the prime factors of 22619?
22619
List the prime factors of 3297.
3, 7, 157
What are the prime factors of 22631?
7, 53, 61
List the prime factors of 8940.
2, 3, 5, 149
List the prime factors of 12820.
2, 5, 641
List the prime factors of 32100.
2, 3, 5, 107
What are the prime factors of 1421?
7, 29
What are the prime factors of 12244?
2, 3061
List the prime factors of 4548.
2, 3, 379
List the prime factors of 13625.
5, 109
What are the prime factors of 28429?
28429
List the prime factors of 36093.
3, 53, 227
What are the prime factors of 150207?
3, 50069
List the prime factors of 11656.
2, 31, 47
List the prime factors of 1022.
2, 7, 73
List the prime factors of 1124.
2, 281
List the prime factors of 1149.
3, 383
List the prime factors of 3235.
5, 647
List the prime factors of 1883.
7, 269
List the prime factors of 991.
991
List the prime factors of 6170.
2, 5, 617
List the prime factors of 5261.
5261
What are the prime factors of 884?
2, 13, 17
List the prime factors of 866.
2, 433
List the prime factors of 3388.
2, 7, 11
List the prime factors of 12580.
2, 5, 17, 37
List the prime factors of 8978.
2, 67
List the prime factors of 3123.
3, 347
What are the prime factors of 29829?
3, 61, 163
What are the prime factors of 440?
2, 5, 11
What are the prime factors of 6357?
3, 13, 163
List the prime factors of 136.
2, 17
List the prime factors of 674.
2, 337
What are the prime factors of 21393?
3, 2377
What are the prime factors of 1195?
5, 239
What are the prime factors of 631?
631
What are the prime factors of 2728?
2, 11, 31
What are the prime factors of 1499?
1499
What are the prime factors of 1628?
2, 11, 37
List the prime factors of 154437.
3, 51479
List the prime factors of 13874.
2, 7, 991
List the prime factors of 1368.
2, 3, 19
List the prime factors of 30027.
3, 10009
What are the prime factors of 13429?
13, 1033
What are the prime factors of 2545?
5, 509
What are the prime factors of 412?
2, 103
List the prime factors of 4952.
2, 619
What are the prime factors of 1615?
5, 17, 19
What are the prime factors of 17830?
2, 5, 1783
List the prime factors of 897.
3, 13, 23
List the prime factors of 90334.
2, 31, 47
List the prime factors of 30492.
2, 3, 7, 11
List the prime factors of 4279.
11, 389
List the prime factors of 749.
7, 107
What are the prime factors of 3026?
2, 17, 89
What are the prime factors of 695?
5, 139
List the prime factors of 3704.
2, 463
What are the prime factors of 3885?
3, 5, 7, 37
List the prime factors of 21848.
2, 2731
What are the prime factors of 26600?
2, 5, 7, 19
What are the prime factors of 486?
2, 3
List the prime factors of 12432.
2, 3, 7, 37
List the prime factors of 19361.
19, 1019
What are the prime factors of 36948?
2, 3, 3079
List the prime factors of 4792.
2, 599
List the prime factors of 67185.
3, 5, 1493
What are the prime factors of 1537?
29, 53
What are the prime factors of 6653?
6653
What are the prime factors of 53701?
83, 647
List the prime factors of 18743.
18743
List the prime factors of 748.
2, 11, 17
What are the prime factors of 476?
2, 7, 17
What are the prime factors of 1039?
1039
List the prime factors of 9774.
2, 3, 181
What are the prime factors of 2127?
3, 709
What are the prime factors of 25528?
2, 3191
What are the prime factors of 125?
5
What are the prime factors of 658?
2, 7, 47
What are the prime factors of 8672?
2, 271
What are the prime factors of 1479?
3, 17, 29
List the prime factors of 1106.
2, 7, 79
What are the prime factors of 9819?
3, 1091
List the prime factors of 22147.
22147
What are the prime factors of 4998?
2, 3, 7, 17
What are the prime factors of 3168?
2, 3, 11
List the prime factors of 7074.
2, 3, 131
List the prime factors of 17601.
3, 5867
What are the prime factors of 11133?
3, 1237
What are the prime factors of 31759?
7, 13, 349
List the prime factors of 2846.
2, 1423
List the prime factors of 2292.
2, 3, 191
List the prime factors of 141906.
2, 3, 67, 353
List the prime factors of 3499.
3499
List the prime factors of 34519.
34519
What are the prime factors of 12417?
3, 4139
What are t